 7, 109
What are the prime factors of 15513?
3, 5171
What are the prime factors of 2612?
2, 653
What are the prime factors of 38203?
11, 23, 151
What are the prime factors of 21243?
3, 73, 97
What are the prime factors of 2389?
2389
List the prime factors of 31655.
5, 13, 487
What are the prime factors of 3840?
2, 3, 5
List the prime factors of 1174.
2, 587
List the prime factors of 1879.
1879
List the prime factors of 36022.
2, 7, 31, 83
What are the prime factors of 6807?
3, 2269
What are the prime factors of 1269?
3, 47
What are the prime factors of 6030?
2, 3, 5, 67
What are the prime factors of 1171?
1171
List the prime factors of 599.
599
List the prime factors of 408.
2, 3, 17
List the prime factors of 900.
2, 3, 5
List the prime factors of 6155.
5, 1231
What are the prime factors of 13735?
5, 41, 67
What are the prime factors of 769?
769
List the prime factors of 586.
2, 293
List the prime factors of 4068.
2, 3, 113
What are the prime factors of 2441?
2441
List the prime factors of 2460.
2, 3, 5, 41
What are the prime factors of 8574?
2, 3, 1429
List the prime factors of 6104.
2, 7, 109
What are the prime factors of 8350?
2, 5, 167
List the prime factors of 18007.
11, 1637
List the prime factors of 10439.
11, 13, 73
List the prime factors of 1477.
7, 211
What are the prime factors of 74830?
2, 5, 7, 1069
What are the prime factors of 22982?
2, 11491
What are the prime factors of 388?
2, 97
What are the prime factors of 1472?
2, 23
List the prime factors of 790.
2, 5, 79
What are the prime factors of 29972?
2, 59, 127
List the prime factors of 86.
2, 43
List the prime factors of 4048.
2, 11, 23
What are the prime factors of 3493?
7, 499
List the prime factors of 10499.
10499
What are the prime factors of 5434?
2, 11, 13, 19
What are the prime factors of 443?
443
What are the prime factors of 23090?
2, 5, 2309
List the prime factors of 7110.
2, 3, 5, 79
What are the prime factors of 9507?
3, 3169
What are the prime factors of 1392?
2, 3, 29
What are the prime factors of 4319?
7, 617
List the prime factors of 2324.
2, 7, 83
List the prime factors of 4.
2
List the prime factors of 867.
3, 17
List the prime factors of 18720.
2, 3, 5, 13
What are the prime factors of 605?
5, 11
What are the prime factors of 1276?
2, 11, 29
What are the prime factors of 7007?
7, 11, 13
What are the prime factors of 7145?
5, 1429
List the prime factors of 51178.
2, 25589
What are the prime factors of 6740?
2, 5, 337
List the prime factors of 2591.
2591
List the prime factors of 2853.
3, 317
List the prime factors of 5373.
3, 199
List the prime factors of 867.
3, 17
List the prime factors of 104712.
2, 3, 4363
List the prime factors of 15021.
3, 1669
List the prime factors of 22265.
5, 61, 73
What are the prime factors of 1009?
1009
List the prime factors of 21823.
139, 157
What are the prime factors of 8518?
2, 4259
What are the prime factors of 1164?
2, 3, 97
List the prime factors of 3535.
5, 7, 101
What are the prime factors of 5416?
2, 677
What are the prime factors of 5230?
2, 5, 523
What are the prime factors of 15104?
2, 59
What are the prime factors of 196?
2, 7
What are the prime factors of 59009?
59009
What are the prime factors of 37869?
3, 13, 971
What are the prime factors of 1308?
2, 3, 109
List the prime factors of 25235.
5, 7, 103
What are the prime factors of 1241?
17, 73
What are the prime factors of 56345?
5, 59, 191
List the prime factors of 20524.
2, 7, 733
List the prime factors of 228.
2, 3, 19
List the prime factors of 1231.
1231
What are the prime factors of 7884?
2, 3, 73
List the prime factors of 2777.
2777
List the prime factors of 6598.
2, 3299
List the prime factors of 811.
811
List the prime factors of 27505.
5, 5501
List the prime factors of 1764.
2, 3, 7
What are the prime factors of 6016?
2, 47
What are the prime factors of 1087?
1087
What are the prime factors of 57654?
2, 3, 3203
List the prime factors of 12319.
97, 127
List the prime factors of 946.
2, 11, 43
List the prime factors of 3055.
5, 13, 47
List the prime factors of 6583.
29, 227
What are the prime factors of 91029?
3, 19, 1597
List the prime factors of 115463.
19, 59, 103
What are the prime factors of 33?
3, 11
List the prime factors of 23708.
2, 5927
What are the prime factors of 9245?
5, 43
List the prime factors of 1459.
1459
List the prime factors of 423.
3, 47
List the prime factors of 3107.
13, 239
List the prime factors of 926.
2, 463
List the prime factors of 7914.
2, 3, 1319
List the prime factors of 696.
2, 3, 29
List the prime factors of 2609.
2609
List the prime factors of 944.
2, 59
What are the prime factors of 57629?
11, 13, 31
What are the prime factors of 1649?
17, 97
List the prime factors of 4725.
3, 5, 7
List the prime factors of 652.
2, 163
What are the prime factors of 3507?
3, 7, 167
What are the prime factors of 2142?
2, 3, 7, 17
What are the prime factors of 344?
2, 43
What are the prime factors of 2078?
2, 1039
List the prime factors of 6593.
19, 347
What are the prime factors of 25866?
2, 3, 479
What are the prime factors of 1499?
1499
What are the prime factors of 88087?
59, 1493
List the prime factors of 40.
2, 5
What are the prime factors of 57?
3, 19
List the prime factors of 66377.
66377
List the prime factors of 440.
2, 5, 11
List the prime factors of 552.
2, 3, 23
List the prime factors of 1809.
3, 67
What are the prime factors of 72644?
2, 11, 13, 127
List the prime factors of 7441.
7, 1063
List the prime factors of 1372.
2, 7
List the prime factors of 455.
5, 7, 13
What are the prime factors of 25249?
7, 3607
What are the prime factors of 5062?
2, 2531
List the prime factors of 9506.
2, 7, 97
What are the prime factors of 7691?
7691
List the prime factors of 379.
379
What are the prime factors of 1230?
2, 3, 5, 41
What are the prime factors of 22397?
22397
List the prime factors of 17223.
3, 5741
What are the prime factors of 1133?
11, 103
What are the prime factors of 30309?
3, 10103
List the prime factors of 128422.
2, 7, 9173
List the prime factors of 11104.
2, 347
What are the prime factors of 2777?
2777
List the prime factors of 799.
17, 47
List the prime factors of 4394.
2, 13
List the prime factors of 1328.
2, 83
List the prime factors of 3775.
5, 151
List the prime factors of 9173.
9173
What are the prime factors of 5502?
2, 3, 7, 131
What are the prime factors of 4836?
2, 3, 13, 31
List the prime factors of 15404.
2, 3851
List the prime factors of 62037.
3, 61, 113
What are the prime factors of 835?
5, 167
List the prime factors of 29416.
2, 3677
What are the prime factors of 130633?
130633
What are the prime factors of 32741?
29, 1129
What are the prime factors of 435?
3, 5, 29
What are the prime factors of 37955?
5, 7591
List the prime factors of 9923.
9923
What are the prime factors of 102836?
2, 47, 547
What are the prime factors of 15825?
3, 5, 211
List the prime factors of 7721.
7, 1103
What are the prime factors of 524?
2, 131
List the prime factors of 604.
2, 151
What are the prime factors of 2778?
2, 3, 463
What are the prime factors of 3562?
2, 13, 137
List the prime factors of 1476.
2, 3, 41
What are the prime factors of 11567?
43, 269
List the prime factors of 4324.
2, 23, 47
What are the prime factors of 80568?
2, 3, 373
What are the prime factors of 4399?
53, 83
List the prime factors of 747.
3, 83
What are the prime factors of 38843?
7, 31, 179
What are the prime factors of 8703?
3, 967
List the prime factors of 29966.
2, 14983
List the prime factors of 145213.
145213
What are the prime factors of 9314?
2, 4657
List the prime factors of 16253.
16253
List the prime factors of 11620.
2, 5, 7, 83
List the prime factors of 18192.
2, 3, 379
List the prime factors of 4375.
5, 7
List the prime factors of 2146.
2, 29, 37
What are the prime factors of 193?
193
What are the prime factors of 6152?
2, 769
What are the prime factors of 98?
2, 7
What are the prime factors of 69713?
7, 23, 433
What are the prime factors of 548?
2, 137
What are the prime factors of 1448?
2, 181
List the prime factors of 46482.
2, 3, 61, 127
List the prime factors of 218.
2, 109
List the prime factors of 3493.
7, 499
What are the prime factors of 4284?
2, 3, 7, 17
What are the prime factors of 12630?
2, 3, 5, 421
List the prime fact